{"id":6681,"date":"2023-10-05T17:02:21","date_gmt":"2023-10-05T17:02:21","guid":{"rendered":"https:\/\/oassiuminmobiliaria.com\/?post_type=property&#038;p=6681"},"modified":"2024-04-17T07:55:57","modified_gmt":"2024-04-17T07:55:57","slug":"finca-rustica-3766m2","status":"publish","type":"property","link":"https:\/\/oassiuminmobiliaria.com\/fr\/single-property\/finca-rustica-3766m2\/","title":{"rendered":"Finca Rustica 3766m2"},"content":{"rendered":"<p>OASSIUM INMOBILIARIA te presenta una excelente oportunidad en el Rourell: un terreno r\u00fastico agrario situado al lado del pueblo y a tan solo 15 minutos de Tarragona y a 20 minutos de Reus.<\/p>\n<p>Este terreno cuenta con una extensi\u00f3n total de 3.766 metros cuadrados y dispone de acceso a 2 horas de suministro de agua al d\u00eda, as\u00ed como la posibilidad de conexi\u00f3n el\u00e9ctrica. Adem\u00e1s, se puede estudiar la opci\u00f3n de construir una casa de madera a tu gusto, ya que no cuenta con \u00e1rboles ni plantaciones.<\/p>\n<p>Este terreno es ideal para aquellos que desean cultivar un huerto, ya que cuenta con suficiente agua para hacerlo posible.<\/p>\n<p>El acceso es c\u00f3modo y pr\u00e1ctico, primero a trav\u00e9s de un camino asfaltado y luego por un camino de tierra.<\/p>\n<p>\u00a1No dudes en ponerte en contacto con nosotros y estaremos encantados de mostrarte este incre\u00edble terreno!<\/p>","protected":false},"excerpt":{"rendered":"<p>OASSIUM INMOBILIARIA te presenta una excelente oportunidad en el Rourell: un terreno r\u00fastico agrario situado al lado del pueblo y a tan solo 15 minutos de Tarragona y a 20 minutos de Reus. Este terreno cuenta con una extensi\u00f3n total de 3.766 metros cuadrados y dispone de acceso a 2 horas de suministro de agua&#8230;<\/p>","protected":false},"author":1,"featured_media":10658,"parent":0,"menu_order":0,"comment_status":"open","ping_status":"closed","template":"","property-feature":[86],"property-type":[57],"property-location":[123],"property-status":[43],"class_list":["post-6681","property","type-property","status-publish","has-post-thumbnail","hentry","property-feature-orientacion-sud","property-type-terreno","property-city-rourell","property-status-en-venta"],"property_meta":{"REAL_HOMES_property_price":"20000","REAL_HOMES_property_old_price":"","REAL_HOMES_property_price_prefix":"","REAL_HOMES_property_price_postfix":"","REAL_HOMES_property_size":"3766","REAL_HOMES_property_size_postfix":"m2","REAL_HOMES_property_lot_size":"","REAL_HOMES_property_lot_size_postfix":"","REAL_HOMES_property_bedrooms":"","REAL_HOMES_property_bathrooms":"","REAL_HOMES_property_garage":"","REAL_HOMES_property_id":"REU003","REAL_HOMES_property_year_built":"","REAL_HOMES_featured":"0","REAL_HOMES_additional_details_list":[],"REAL_HOMES_property_location":{"latitude":"41.223574","longitude":"1.2183923","zoom":"12"},"REAL_HOMES_property_address":"el Rourell, Alto Campo, Tarragona, Catalu\u00f1a, 43142, Espa\u00f1a","REAL_HOMES_property_map":"0","REAL_HOMES_property_images":[{"width":150,"height":150,"file":"2023\/10\/Vendido-Cartel.png","filesize":833323,"sizes":{"medium":{"file":"Vendido-Cartel-300x300.png","width":300,"height":300,"mime-type":"image\/png","filesize":83827,"url":"https:\/\/oassiuminmobiliaria.com\/wp-content\/uploads\/2023\/10\/Vendido-Cartel-300x300.png"},"large":{"file":"Vendido-Cartel-1024x1024.png","width":1024,"height":1024,"mime-type":"image\/png","filesize":750219,"url":"https:\/\/oassiuminmobiliaria.com\/wp-content\/uploads\/2023\/10\/Vendido-Cartel-1024x1024.png"},"thumbnail":{"file":"Vendido-Cartel-150x150.png","width":150,"height":150,"mime-type":"image\/png","filesize":25029,"url":"https:\/\/oassiuminmobiliaria.com\/wp-content\/uploads\/2023\/10\/Vendido-Cartel-150x150.png"},"medium_large":{"file":"Vendido-Cartel-768x768.png","width":768,"height":768,"mime-type":"image\/png","filesize":434488,"url":"https:\/\/oassiuminmobiliaria.com\/wp-content\/uploads\/2023\/10\/Vendido-Cartel-768x768.png"},"trp-custom-language-flag":{"file":"Vendido-Cartel-12x12.png","width":12,"height":12,"mime-type":"image\/png","filesize":429,"url":"https:\/\/oassiuminmobiliaria.com\/wp-content\/uploads\/2023\/10\/Vendido-Cartel-12x12.png"},"post-thumbnail":{"file":"Vendido-Cartel-150x150.png","width":150,"height":150,"mime-type":"image\/png","filesize":25029,"url":"https:\/\/oassiuminmobiliaria.com\/wp-content\/uploads\/2023\/10\/Vendido-Cartel-150x150.png"},"modern-property-child-slider":{"file":"Vendido-Cartel-680x510.png","width":680,"height":510,"mime-type":"image\/png","filesize":330718,"url":"https:\/\/oassiuminmobiliaria.com\/wp-content\/uploads\/2023\/10\/Vendido-Cartel-680x510.png"},"property-thumb-image":{"file":"Vendido-Cartel-488x326.png","width":488,"height":326,"mime-type":"image\/png","filesize":175509,"url":"https:\/\/oassiuminmobiliaria.com\/wp-content\/uploads\/2023\/10\/Vendido-Cartel-488x326.png"},"property-detail-video-image":{"file":"Vendido-Cartel-818x417.png","width":818,"height":417,"mime-type":"image\/png","filesize":387509,"url":"https:\/\/oassiuminmobiliaria.com\/wp-content\/uploads\/2023\/10\/Vendido-Cartel-818x417.png"},"agent-image":{"file":"Vendido-Cartel-210x210.png","width":210,"height":210,"mime-type":"image\/png","filesize":44746,"url":"https:\/\/oassiuminmobiliaria.com\/wp-content\/uploads\/2023\/10\/Vendido-Cartel-210x210.png"},"partners-logo":{"file":"Vendido-Cartel-600x1080.png","width":600,"height":1080,"mime-type":"image\/png","filesize":460548,"url":"https:\/\/oassiuminmobiliaria.com\/wp-content\/uploads\/2023\/10\/Vendido-Cartel-600x1080.png"},"post-featured-image":{"file":"Vendido-Cartel-1080x720.png","width":1080,"height":720,"mime-type":"image\/png","filesize":743427,"url":"https:\/\/oassiuminmobiliaria.com\/wp-content\/uploads\/2023\/10\/Vendido-Cartel-1080x720.png"}},"image_meta":{"aperture":"0","credit":"","camera":"","caption":"","created_timestamp":"0","copyright":"","focal_length":"0","iso":"0","shutter_speed":"0","title":"","orientation":"0","keywords":[]},"ID":"10658","name":"Vendido-Cartel.png","path":"\/homepages\/22\/d855950157\/htdocs\/oassiuminmobiliaria.com\/wordpress\/wp-content\/uploads\/2023\/10\/Vendido-Cartel.png","url":"https:\/\/oassiuminmobiliaria.com\/wp-content\/uploads\/2023\/10\/Vendido-Cartel-150x150.png","full_url":"https:\/\/oassiuminmobiliaria.com\/wp-content\/uploads\/2023\/10\/Vendido-Cartel.png","title":"Vendido Cartel","caption":"","description":"","alt":"","srcset":"https:\/\/oassiuminmobiliaria.com\/wp-content\/uploads\/2023\/10\/Vendido-Cartel-150x150.png 150w, https:\/\/oassiuminmobiliaria.com\/wp-content\/uploads\/2023\/10\/Vendido-Cartel-300x300.png 300w, https:\/\/oassiuminmobiliaria.com\/wp-content\/uploads\/2023\/10\/Vendido-Cartel-1024x1024.png 1024w, https:\/\/oassiuminmobiliaria.com\/wp-content\/uploads\/2023\/10\/Vendido-Cartel-768x768.png 768w, https:\/\/oassiuminmobiliaria.com\/wp-content\/uploads\/2023\/10\/Vendido-Cartel-12x12.png 12w, https:\/\/oassiuminmobiliaria.com\/wp-content\/uploads\/2023\/10\/Vendido-Cartel-210x210.png 210w, https:\/\/oassiuminmobiliaria.com\/wp-content\/uploads\/2023\/10\/Vendido-Cartel.png 1080w"}],"REAL_HOMES_change_gallery_slider_type":"0","REAL_HOMES_gallery_slider_type":"thumb-on-right","inspiry_floor_plans":[],"inspiry_video_group":[],"REAL_HOMES_360_virtual_tour":"","REAL_HOMES_agent_display_option":"none","REAL_HOMES_agents":["5271"],"REAL_HOMES_energy_class":"none","REAL_HOMES_energy_performance":"","REAL_HOMES_epc_current_rating":"","REAL_HOMES_epc_potential_rating":"","ere_property_schedule_tour":"global","ere_property_schedule_time_slots":"","ere_property_schedule_description":"","REAL_HOMES_sticky":"0","inspiry_property_label":"","inspiry_property_label_color":"","inspiry_property_tax":"0","inspiry_additional_fee":"0","REAL_HOMES_attachments":[],"inspiry_property_owner_name":"","inspiry_property_owner_contact":"","inspiry_property_owner_address":"","REAL_HOMES_property_private_note":"","inspiry_message_to_reviewer":"","REAL_HOMES_add_in_slider":"no","REAL_HOMES_slider_image":[],"REAL_HOMES_page_banner_image":[],"REAL_HOMES_hide_property_advance_search":"0","REAL_HOMES_custom_header_display":"default","REAL_HOMES_custom_header_position":"relative","REAL_HOMES_custom_footer_display":"default","REAL_HOMES_hide_advance_search":"0","REAL_HOMES_custom_search_form":"default","REAL_HOMES_search_form_margin_top":"","REAL_HOMES_search_form_margin_bottom":""},"_links":{"self":[{"href":"https:\/\/oassiuminmobiliaria.com\/fr\/wp-json\/wp\/v2\/single-property\/6681","targetHints":{"allow":["GET"]}}],"collection":[{"href":"https:\/\/oassiuminmobiliaria.com\/fr\/wp-json\/wp\/v2\/single-property"}],"about":[{"href":"https:\/\/oassiuminmobiliaria.com\/fr\/wp-json\/wp\/v2\/types\/property"}],"author":[{"embeddable":true,"href":"https:\/\/oassiuminmobiliaria.com\/fr\/wp-json\/wp\/v2\/users\/1"}],"replies":[{"embeddable":true,"href":"https:\/\/oassiuminmobiliaria.com\/fr\/wp-json\/wp\/v2\/comments?post=6681"}],"version-history":[{"count":2,"href":"https:\/\/oassiuminmobiliaria.com\/fr\/wp-json\/wp\/v2\/single-property\/6681\/revisions"}],"predecessor-version":[{"id":6694,"href":"https:\/\/oassiuminmobiliaria.com\/fr\/wp-json\/wp\/v2\/single-property\/6681\/revisions\/6694"}],"wp:featuredmedia":[{"embeddable":true,"href":"https:\/\/oassiuminmobiliaria.com\/fr\/wp-json\/wp\/v2\/media\/10658"}],"wp:attachment":[{"href":"https:\/\/oassiuminmobiliaria.com\/fr\/wp-json\/wp\/v2\/media?parent=6681"}],"wp:term":[{"taxonomy":"property-feature","embeddable":true,"href":"https:\/\/oassiuminmobiliaria.com\/fr\/wp-json\/wp\/v2\/property-feature?post=6681"},{"taxonomy":"property-type","embeddable":true,"href":"https:\/\/oassiuminmobiliaria.com\/fr\/wp-json\/wp\/v2\/property-type?post=6681"},{"taxonomy":"property-city","embeddable":true,"href":"https:\/\/oassiuminmobiliaria.com\/fr\/wp-json\/wp\/v2\/property-location?post=6681"},{"taxonomy":"property-status","embeddable":true,"href":"https:\/\/oassiuminmobiliaria.com\/fr\/wp-json\/wp\/v2\/property-status?post=6681"}],"curies":[{"name":"wp","href":"https:\/\/api.w.org\/{rel}","templated":true}]}}

<p>OASSIUM INMOBILIARIA te presenta una excelente oportunidad en el Rourell: un terreno rústico agrario situado al lado del pueblo y a tan solo 15 minutos de Tarragona y a 20 minutos de Reus.</p>
<p>Este terreno cuenta con una extensión total de 3.766 metros cuadrados y dispone de acceso a 2 horas de suministro de agua al día, así como la posibilidad de conexión eléctrica. Además, se puede estudiar la opción de construir una casa de madera a tu gusto, ya que no cuenta con árboles ni plantaciones.</p>
<p>Este terreno es ideal para aquellos que desean cultivar un huerto, ya que cuenta con suficiente agua para hacerlo posible.</p>
<p>El acceso es cómodo y práctico, primero a través de un camino asfaltado y luego por un camino de tierra.</p>
<p>¡No dudes en ponerte en contacto con nosotros y estaremos encantados de mostrarte este increíble terreno!</p>

<p>OASSIUM INMOBILIARIA te presenta una excelente oportunidad en el Rourell: un terreno rústico agrario situado al lado del pueblo y a tan solo 15 minutos de Tarragona y a 20 minutos de Reus. Este terreno cuenta con una extensión total de 3.766 metros cuadrados y dispone de acceso a 2 horas de suministro de agua&#8230;</p>

el Rourell, Alto Campo, Tarragona, Cataluña, 43142, España
