{"id":21396,"date":"2025-07-22T15:26:39","date_gmt":"2025-07-22T13:26:39","guid":{"rendered":"https:\/\/oassiuminmobiliaria.com\/?post_type=property&#038;p=21396"},"modified":"2025-08-01T10:03:16","modified_gmt":"2025-08-01T08:03:16","slug":"oportunidad-en-san-pedro-y-san-pablo-piso-exterior-con-ascensor-y-terraza","status":"publish","type":"property","link":"https:\/\/oassiuminmobiliaria.com\/zh\/single-property\/oportunidad-en-san-pedro-y-san-pablo-piso-exterior-con-ascensor-y-terraza\/","title":{"rendered":"Oportunidad en San Pedro y San Pablo \u2013 Piso Exterior con Ascensor y Terraza"},"content":{"rendered":"<p>En Oassium Inmobiliaria te ofrecemos este piso en San Pedro y San Pablo, construido en 1973 pero perfectamente conservado. Se encuentra en una segunda planta con ascensor, lo que garantiza comodidad.<\/p>\n<p>La vivienda cuenta con 70\u202fm\u00b2 muy bien aprovechados. Al entrar, encuentras un peque\u00f1o recibidor que da paso a un amplio sal\u00f3n-comedor, lleno de luz natural y con salida directa a una terraza.<\/p>\n<p>El piso dispone de dos habitaciones dobles, ambas exteriores, muy luminosas y con armarios empotrados que ofrecen espacio de almacenamiento.<\/p>\n<p>El ba\u00f1o est\u00e1 completamente equipado y cuenta con ba\u00f1era. La cocina, independiente y totalmente reformada, combina funcionalidad y estilo. Adem\u00e1s, desde aqu\u00ed accedes a una galer\u00eda.<\/p>\n<p>Este piso es ideal tanto para quien busca su primera vivienda como para quien desea invertir, con todos los servicios a mano: comercios, transporte p\u00fablico, colegios y zonas verdes.<\/p>\n<p>No lo pienses m\u00e1s y ven a verlo. \u00a1Cont\u00e1ctanos hoy mismo para concertar una visita! No tardes demasiado\u2026 porque oportunidades as\u00ed no duran mucho.<\/p>\n<p>Recuerda, ofrecemos a nuestros clientes financiaci\u00f3n al 100% de la compra!<\/p>","protected":false},"excerpt":{"rendered":"<p>En Oassium Inmobiliaria te ofrecemos este piso en San Pedro y San Pablo, construido en 1973 pero perfectamente conservado. Se encuentra en una segunda planta con ascensor, lo que garantiza comodidad. La vivienda cuenta con 70\u202fm\u00b2 muy bien aprovechados. Al entrar, encuentras un peque\u00f1o recibidor que da paso a un amplio sal\u00f3n-comedor, lleno de luz&#8230;<\/p>","protected":false},"author":1,"featured_media":21913,"parent":0,"menu_order":0,"comment_status":"closed","ping_status":"closed","template":"","property-feature":[90,89,79,91,83],"property-type":[61],"property-location":[153],"property-status":[43],"class_list":["post-21396","property","type-property","status-publish","has-post-thumbnail","hentry","property-feature-aire-acondicionado","property-feature-armarios-empotrados","property-feature-ascensor","property-feature-calefaccion","property-feature-exterior","property-type-piso","property-city-sant-pere-i-sant-pau","property-status-en-venta"],"property_meta":{"REAL_HOMES_property_price":"128000","REAL_HOMES_property_old_price":"","REAL_HOMES_property_price_prefix":"","REAL_HOMES_property_price_postfix":"","REAL_HOMES_property_size":"70","REAL_HOMES_property_size_postfix":"m2","REAL_HOMES_property_lot_size":"","REAL_HOMES_property_lot_size_postfix":"","REAL_HOMES_property_bedrooms":"2","REAL_HOMES_property_bathrooms":"1","REAL_HOMES_property_garage":"No","REAL_HOMES_property_id":"TA064","REAL_HOMES_property_year_built":"1973","REAL_HOMES_featured":"0","REAL_HOMES_additional_details_list":[["Con terraza","Con terraza"]],"REAL_HOMES_property_location":{"latitude":"41.137885210877","longitude":"1.2530733363622","zoom":"17"},"REAL_HOMES_property_address":"Sant Pere i Sant Pau, Tarragona, Tarragon\u00e9s, Tarragona, Catalu\u00f1a, 43007, Espa\u00f1a","REAL_HOMES_property_map":"0","REAL_HOMES_property_images":[{"width":150,"height":150,"file":"2025\/07\/Vendido-Cartel-43.png","filesize":763382,"sizes":{"medium":{"file":"Vendido-Cartel-43-300x300.png","width":300,"height":300,"mime-type":"image\/png","filesize":77845,"url":"https:\/\/oassiuminmobiliaria.com\/wp-content\/uploads\/2025\/07\/Vendido-Cartel-43-300x300.png"},"large":{"file":"Vendido-Cartel-43-1024x1024.png","width":1024,"height":1024,"mime-type":"image\/png","filesize":665511,"url":"https:\/\/oassiuminmobiliaria.com\/wp-content\/uploads\/2025\/07\/Vendido-Cartel-43-1024x1024.png"},"thumbnail":{"file":"Vendido-Cartel-43-150x150.png","width":150,"height":150,"mime-type":"image\/png","filesize":24897,"url":"https:\/\/oassiuminmobiliaria.com\/wp-content\/uploads\/2025\/07\/Vendido-Cartel-43-150x150.png"},"medium_large":{"file":"Vendido-Cartel-43-768x768.png","width":768,"height":768,"mime-type":"image\/png","filesize":389817,"url":"https:\/\/oassiuminmobiliaria.com\/wp-content\/uploads\/2025\/07\/Vendido-Cartel-43-768x768.png"},"trp-custom-language-flag":{"file":"Vendido-Cartel-43-12x12.png","width":12,"height":12,"mime-type":"image\/png","filesize":490,"url":"https:\/\/oassiuminmobiliaria.com\/wp-content\/uploads\/2025\/07\/Vendido-Cartel-43-12x12.png"},"post-thumbnail":{"file":"Vendido-Cartel-43-150x150.png","width":150,"height":150,"mime-type":"image\/png","filesize":24897,"url":"https:\/\/oassiuminmobiliaria.com\/wp-content\/uploads\/2025\/07\/Vendido-Cartel-43-150x150.png"},"modern-property-child-slider":{"file":"Vendido-Cartel-43-680x510.png","width":680,"height":510,"mime-type":"image\/png","filesize":280612,"url":"https:\/\/oassiuminmobiliaria.com\/wp-content\/uploads\/2025\/07\/Vendido-Cartel-43-680x510.png"},"property-thumb-image":{"file":"Vendido-Cartel-43-488x326.png","width":488,"height":326,"mime-type":"image\/png","filesize":145868,"url":"https:\/\/oassiuminmobiliaria.com\/wp-content\/uploads\/2025\/07\/Vendido-Cartel-43-488x326.png"},"property-detail-video-image":{"file":"Vendido-Cartel-43-818x417.png","width":818,"height":417,"mime-type":"image\/png","filesize":295438,"url":"https:\/\/oassiuminmobiliaria.com\/wp-content\/uploads\/2025\/07\/Vendido-Cartel-43-818x417.png"},"agent-image":{"file":"Vendido-Cartel-43-210x210.png","width":210,"height":210,"mime-type":"image\/png","filesize":43051,"url":"https:\/\/oassiuminmobiliaria.com\/wp-content\/uploads\/2025\/07\/Vendido-Cartel-43-210x210.png"},"partners-logo":{"file":"Vendido-Cartel-43-600x1080.png","width":600,"height":1080,"mime-type":"image\/png","filesize":450911,"url":"https:\/\/oassiuminmobiliaria.com\/wp-content\/uploads\/2025\/07\/Vendido-Cartel-43-600x1080.png"},"post-featured-image":{"file":"Vendido-Cartel-43-1080x720.png","width":1080,"height":720,"mime-type":"image\/png","filesize":613658,"url":"https:\/\/oassiuminmobiliaria.com\/wp-content\/uploads\/2025\/07\/Vendido-Cartel-43-1080x720.png"}},"image_meta":{"aperture":"0","credit":"","camera":"","caption":"","created_timestamp":"0","copyright":"","focal_length":"0","iso":"0","shutter_speed":"0","title":"","orientation":"0","keywords":[]},"ID":"21913","name":"Vendido-Cartel-43.png","path":"\/homepages\/22\/d855950157\/htdocs\/oassiuminmobiliaria.com\/wordpress\/wp-content\/uploads\/2025\/07\/Vendido-Cartel-43.png","url":"https:\/\/oassiuminmobiliaria.com\/wp-content\/uploads\/2025\/07\/Vendido-Cartel-43-150x150.png","full_url":"https:\/\/oassiuminmobiliaria.com\/wp-content\/uploads\/2025\/07\/Vendido-Cartel-43.png","title":"Vendido Cartel (43)","caption":"","description":"","alt":"","srcset":"https:\/\/oassiuminmobiliaria.com\/wp-content\/uploads\/2025\/07\/Vendido-Cartel-43-150x150.png 150w, https:\/\/oassiuminmobiliaria.com\/wp-content\/uploads\/2025\/07\/Vendido-Cartel-43-300x300.png 300w, https:\/\/oassiuminmobiliaria.com\/wp-content\/uploads\/2025\/07\/Vendido-Cartel-43-1024x1024.png 1024w, https:\/\/oassiuminmobiliaria.com\/wp-content\/uploads\/2025\/07\/Vendido-Cartel-43-768x768.png 768w, https:\/\/oassiuminmobiliaria.com\/wp-content\/uploads\/2025\/07\/Vendido-Cartel-43-12x12.png 12w, https:\/\/oassiuminmobiliaria.com\/wp-content\/uploads\/2025\/07\/Vendido-Cartel-43-210x210.png 210w, https:\/\/oassiuminmobiliaria.com\/wp-content\/uploads\/2025\/07\/Vendido-Cartel-43.png 1080w"}],"REAL_HOMES_change_gallery_slider_type":"0","REAL_HOMES_gallery_slider_type":"thumb-on-right","inspiry_floor_plans":[],"inspiry_video_group":[],"REAL_HOMES_360_virtual_tour":"","REAL_HOMES_agent_display_option":"none","REAL_HOMES_agents":["5271"],"REAL_HOMES_energy_class":"D","REAL_HOMES_energy_performance":"100","REAL_HOMES_epc_current_rating":"83","REAL_HOMES_epc_potential_rating":"94","ere_property_schedule_tour":"global","ere_property_schedule_time_slots":"","ere_property_schedule_description":"","REAL_HOMES_sticky":"0","inspiry_property_label":"","inspiry_property_label_color":"","inspiry_property_tax":"0","inspiry_additional_fee":"0","REAL_HOMES_attachments":[],"inspiry_property_owner_name":"","inspiry_property_owner_contact":"","inspiry_property_owner_address":"","REAL_HOMES_property_private_note":"","inspiry_message_to_reviewer":"","REAL_HOMES_add_in_slider":"no","REAL_HOMES_slider_image":[],"REAL_HOMES_page_banner_image":[],"REAL_HOMES_hide_property_advance_search":"0","REAL_HOMES_custom_header_display":"default","REAL_HOMES_custom_header_position":"relative","REAL_HOMES_custom_footer_display":"default","REAL_HOMES_hide_advance_search":"0","REAL_HOMES_custom_search_form":"default","REAL_HOMES_search_form_margin_top":"","REAL_HOMES_search_form_margin_bottom":""},"_links":{"self":[{"href":"https:\/\/oassiuminmobiliaria.com\/zh\/wp-json\/wp\/v2\/single-property\/21396","targetHints":{"allow":["GET"]}}],"collection":[{"href":"https:\/\/oassiuminmobiliaria.com\/zh\/wp-json\/wp\/v2\/single-property"}],"about":[{"href":"https:\/\/oassiuminmobiliaria.com\/zh\/wp-json\/wp\/v2\/types\/property"}],"author":[{"embeddable":true,"href":"https:\/\/oassiuminmobiliaria.com\/zh\/wp-json\/wp\/v2\/users\/1"}],"replies":[{"embeddable":true,"href":"https:\/\/oassiuminmobiliaria.com\/zh\/wp-json\/wp\/v2\/comments?post=21396"}],"version-history":[{"count":1,"href":"https:\/\/oassiuminmobiliaria.com\/zh\/wp-json\/wp\/v2\/single-property\/21396\/revisions"}],"predecessor-version":[{"id":21418,"href":"https:\/\/oassiuminmobiliaria.com\/zh\/wp-json\/wp\/v2\/single-property\/21396\/revisions\/21418"}],"wp:featuredmedia":[{"embeddable":true,"href":"https:\/\/oassiuminmobiliaria.com\/zh\/wp-json\/wp\/v2\/media\/21913"}],"wp:attachment":[{"href":"https:\/\/oassiuminmobiliaria.com\/zh\/wp-json\/wp\/v2\/media?parent=21396"}],"wp:term":[{"taxonomy":"property-feature","embeddable":true,"href":"https:\/\/oassiuminmobiliaria.com\/zh\/wp-json\/wp\/v2\/property-feature?post=21396"},{"taxonomy":"property-type","embeddable":true,"href":"https:\/\/oassiuminmobiliaria.com\/zh\/wp-json\/wp\/v2\/property-type?post=21396"},{"taxonomy":"property-city","embeddable":true,"href":"https:\/\/oassiuminmobiliaria.com\/zh\/wp-json\/wp\/v2\/property-location?post=21396"},{"taxonomy":"property-status","embeddable":true,"href":"https:\/\/oassiuminmobiliaria.com\/zh\/wp-json\/wp\/v2\/property-status?post=21396"}],"curies":[{"name":"wp","href":"https:\/\/api.w.org\/{rel}","templated":true}]}}

<p>En Oassium Inmobiliaria te ofrecemos este piso en San Pedro y San Pablo, construido en 1973 pero perfectamente conservado. Se encuentra en una segunda planta con ascensor, lo que garantiza comodidad.</p>
<p>La vivienda cuenta con 70 m² muy bien aprovechados. Al entrar, encuentras un pequeño recibidor que da paso a un amplio salón-comedor, lleno de luz natural y con salida directa a una terraza.</p>
<p>El piso dispone de dos habitaciones dobles, ambas exteriores, muy luminosas y con armarios empotrados que ofrecen espacio de almacenamiento.</p>
<p>El baño está completamente equipado y cuenta con bañera. La cocina, independiente y totalmente reformada, combina funcionalidad y estilo. Además, desde aquí accedes a una galería.</p>
<p>Este piso es ideal tanto para quien busca su primera vivienda como para quien desea invertir, con todos los servicios a mano: comercios, transporte público, colegios y zonas verdes.</p>
<p>No lo pienses más y ven a verlo. ¡Contáctanos hoy mismo para concertar una visita! No tardes demasiado… porque oportunidades así no duran mucho.</p>
<p>Recuerda, ofrecemos a nuestros clientes financiación al 100% de la compra!</p>

<p>En Oassium Inmobiliaria te ofrecemos este piso en San Pedro y San Pablo, construido en 1973 pero perfectamente conservado. Se encuentra en una segunda planta con ascensor, lo que garantiza comodidad. La vivienda cuenta con 70 m² muy bien aprovechados. Al entrar, encuentras un pequeño recibidor que da paso a un amplio salón-comedor, lleno de luz&#8230;</p>

Sant Pere i Sant Pau, Tarragona, Tarragonés, Tarragona, Cataluña, 43007, España
