{"id":21419,"date":"2025-07-24T09:38:57","date_gmt":"2025-07-24T07:38:57","guid":{"rendered":"https:\/\/oassiuminmobiliaria.com\/?post_type=property&#038;p=21419"},"modified":"2025-07-31T15:03:53","modified_gmt":"2025-07-31T13:03:53","slug":"vive-en-el-corazon-de-tarragona-luz-espacio-y-comodidad","status":"publish","type":"property","link":"https:\/\/oassiuminmobiliaria.com\/zh\/single-property\/vive-en-el-corazon-de-tarragona-luz-espacio-y-comodidad\/","title":{"rendered":"Vive en el coraz\u00f3n de Tarragona: luz, espacio y comodidad"},"content":{"rendered":"<p>En Oassium Inmobiliaria te presentamos este fant\u00e1stico piso ubicado en pleno centro de Tarragona, del a\u00f1o 1980 y con 83m2 la vivienda se encuentra en una sexta planta con ascensor, lo que le otorga una gran luminosidad. Al entrar nos recibe un amplio recibidor que nos conduce directamente al sal\u00f3n-comedor, una estancia luminosa y acogedora con salida a una terraza.<\/p>\n<p>Un pasillo nos lleva a la zona de noche, donde encontramos tres habitaciones, dos de las habitaciones son dobles: una cuenta con armario empotrado y la otra dispone de salida a una peque\u00f1a terraza. La tercera habitaci\u00f3n, tambi\u00e9n luminosa, es perfecta como dormitorio individual o despacho. El ba\u00f1o est\u00e1 completamente equipado y cuenta con ba\u00f1era, ofreciendo un espacio c\u00f3modo y funcional para el d\u00eda a d\u00eda.<\/p>\n<p>La cocina es independiente, est\u00e1 totalmente equipada y tiene salida a una galer\u00eda, perfecta para utilizar como zona de lavander\u00eda o almacenaje.<\/p>\n<p>El edificio, dispone de un elevador adaptado para personas con movilidad reducida, lo que garantiza la accesibilidad para todos los residentes.<\/p>\n<p>Si buscas un piso luminoso, bien distribuido y en una ubicaci\u00f3n inmejorable, esta es tu oportunidad. No dudes m\u00e1s y contacta hoy mismo con Oassium Inmobiliaria para concertar una visita. \u00a1Te encantar\u00e1!<\/p>\n<p>Recuerda, ofrecemos\u00a0a nuestros clientes financiaci\u00f3n al 100% de la compra!<\/p>","protected":false},"excerpt":{"rendered":"<p>En Oassium Inmobiliaria te presentamos este fant\u00e1stico piso ubicado en pleno centro de Tarragona, del a\u00f1o 1980 y con 83m2 la vivienda se encuentra en una sexta planta con ascensor, lo que le otorga una gran luminosidad. Al entrar nos recibe un amplio recibidor que nos conduce directamente al sal\u00f3n-comedor, una estancia luminosa y acogedora&#8230;<\/p>","protected":false},"author":1,"featured_media":21912,"parent":0,"menu_order":0,"comment_status":"closed","ping_status":"closed","template":"","property-feature":[89,79,92,83,82],"property-type":[61],"property-location":[100],"property-status":[43],"class_list":["post-21419","property","type-property","status-publish","has-post-thumbnail","hentry","property-feature-armarios-empotrados","property-feature-ascensor","property-feature-balcon","property-feature-exterior","property-feature-terraza","property-type-piso","property-city-tarragona","property-status-en-venta"],"property_meta":{"REAL_HOMES_property_price":"166000","REAL_HOMES_property_old_price":"","REAL_HOMES_property_price_prefix":"","REAL_HOMES_property_price_postfix":"","REAL_HOMES_property_size":"83","REAL_HOMES_property_size_postfix":"m2","REAL_HOMES_property_lot_size":"","REAL_HOMES_property_lot_size_postfix":"","REAL_HOMES_property_bedrooms":"3","REAL_HOMES_property_bathrooms":"1","REAL_HOMES_property_garage":"No","REAL_HOMES_property_id":"TA066","REAL_HOMES_property_year_built":"1980","REAL_HOMES_featured":"0","REAL_HOMES_additional_details_list":[["Con dos terrazas","Con dos terrazas"]],"REAL_HOMES_property_location":{"latitude":"41.114453846487","longitude":"1.243612528185","zoom":"17"},"REAL_HOMES_property_address":"Tarragona, Tarragon\u00e9s, Tarragona, Catalu\u00f1a, Espa\u00f1a","REAL_HOMES_property_map":"0","REAL_HOMES_property_images":[{"width":150,"height":150,"file":"2025\/07\/Vendido-Cartel-42.png","filesize":814640,"sizes":{"medium":{"file":"Vendido-Cartel-42-300x300.png","width":300,"height":300,"mime-type":"image\/png","filesize":92703,"url":"https:\/\/oassiuminmobiliaria.com\/wp-content\/uploads\/2025\/07\/Vendido-Cartel-42-300x300.png"},"large":{"file":"Vendido-Cartel-42-1024x1024.png","width":1024,"height":1024,"mime-type":"image\/png","filesize":735517,"url":"https:\/\/oassiuminmobiliaria.com\/wp-content\/uploads\/2025\/07\/Vendido-Cartel-42-1024x1024.png"},"thumbnail":{"file":"Vendido-Cartel-42-150x150.png","width":150,"height":150,"mime-type":"image\/png","filesize":30145,"url":"https:\/\/oassiuminmobiliaria.com\/wp-content\/uploads\/2025\/07\/Vendido-Cartel-42-150x150.png"},"medium_large":{"file":"Vendido-Cartel-42-768x768.png","width":768,"height":768,"mime-type":"image\/png","filesize":436372,"url":"https:\/\/oassiuminmobiliaria.com\/wp-content\/uploads\/2025\/07\/Vendido-Cartel-42-768x768.png"},"trp-custom-language-flag":{"file":"Vendido-Cartel-42-12x12.png","width":12,"height":12,"mime-type":"image\/png","filesize":541,"url":"https:\/\/oassiuminmobiliaria.com\/wp-content\/uploads\/2025\/07\/Vendido-Cartel-42-12x12.png"},"post-thumbnail":{"file":"Vendido-Cartel-42-150x150.png","width":150,"height":150,"mime-type":"image\/png","filesize":30145,"url":"https:\/\/oassiuminmobiliaria.com\/wp-content\/uploads\/2025\/07\/Vendido-Cartel-42-150x150.png"},"modern-property-child-slider":{"file":"Vendido-Cartel-42-680x510.png","width":680,"height":510,"mime-type":"image\/png","filesize":313601,"url":"https:\/\/oassiuminmobiliaria.com\/wp-content\/uploads\/2025\/07\/Vendido-Cartel-42-680x510.png"},"property-thumb-image":{"file":"Vendido-Cartel-42-488x326.png","width":488,"height":326,"mime-type":"image\/png","filesize":167756,"url":"https:\/\/oassiuminmobiliaria.com\/wp-content\/uploads\/2025\/07\/Vendido-Cartel-42-488x326.png"},"property-detail-video-image":{"file":"Vendido-Cartel-42-818x417.png","width":818,"height":417,"mime-type":"image\/png","filesize":336579,"url":"https:\/\/oassiuminmobiliaria.com\/wp-content\/uploads\/2025\/07\/Vendido-Cartel-42-818x417.png"},"agent-image":{"file":"Vendido-Cartel-42-210x210.png","width":210,"height":210,"mime-type":"image\/png","filesize":51776,"url":"https:\/\/oassiuminmobiliaria.com\/wp-content\/uploads\/2025\/07\/Vendido-Cartel-42-210x210.png"},"partners-logo":{"file":"Vendido-Cartel-42-600x1080.png","width":600,"height":1080,"mime-type":"image\/png","filesize":450740,"url":"https:\/\/oassiuminmobiliaria.com\/wp-content\/uploads\/2025\/07\/Vendido-Cartel-42-600x1080.png"},"post-featured-image":{"file":"Vendido-Cartel-42-1080x720.png","width":1080,"height":720,"mime-type":"image\/png","filesize":640646,"url":"https:\/\/oassiuminmobiliaria.com\/wp-content\/uploads\/2025\/07\/Vendido-Cartel-42-1080x720.png"}},"image_meta":{"aperture":"0","credit":"","camera":"","caption":"","created_timestamp":"0","copyright":"","focal_length":"0","iso":"0","shutter_speed":"0","title":"","orientation":"0","keywords":[]},"ID":"21912","name":"Vendido-Cartel-42.png","path":"\/homepages\/22\/d855950157\/htdocs\/oassiuminmobiliaria.com\/wordpress\/wp-content\/uploads\/2025\/07\/Vendido-Cartel-42.png","url":"https:\/\/oassiuminmobiliaria.com\/wp-content\/uploads\/2025\/07\/Vendido-Cartel-42-150x150.png","full_url":"https:\/\/oassiuminmobiliaria.com\/wp-content\/uploads\/2025\/07\/Vendido-Cartel-42.png","title":"Vendido Cartel (42)","caption":"","description":"","alt":"","srcset":"https:\/\/oassiuminmobiliaria.com\/wp-content\/uploads\/2025\/07\/Vendido-Cartel-42-150x150.png 150w, https:\/\/oassiuminmobiliaria.com\/wp-content\/uploads\/2025\/07\/Vendido-Cartel-42-300x300.png 300w, https:\/\/oassiuminmobiliaria.com\/wp-content\/uploads\/2025\/07\/Vendido-Cartel-42-1024x1024.png 1024w, https:\/\/oassiuminmobiliaria.com\/wp-content\/uploads\/2025\/07\/Vendido-Cartel-42-768x768.png 768w, https:\/\/oassiuminmobiliaria.com\/wp-content\/uploads\/2025\/07\/Vendido-Cartel-42-12x12.png 12w, https:\/\/oassiuminmobiliaria.com\/wp-content\/uploads\/2025\/07\/Vendido-Cartel-42-210x210.png 210w, https:\/\/oassiuminmobiliaria.com\/wp-content\/uploads\/2025\/07\/Vendido-Cartel-42.png 1080w"}],"REAL_HOMES_change_gallery_slider_type":"0","REAL_HOMES_gallery_slider_type":"thumb-on-right","inspiry_floor_plans":[],"inspiry_video_group":[],"REAL_HOMES_360_virtual_tour":"","REAL_HOMES_agent_display_option":"none","REAL_HOMES_agents":["5271"],"REAL_HOMES_energy_class":"D","REAL_HOMES_energy_performance":"100","REAL_HOMES_epc_current_rating":"83","REAL_HOMES_epc_potential_rating":"94","ere_property_schedule_tour":"global","ere_property_schedule_time_slots":"","ere_property_schedule_description":"","REAL_HOMES_sticky":"0","inspiry_property_label":"","inspiry_property_label_color":"","inspiry_property_tax":"0","inspiry_additional_fee":"0","REAL_HOMES_attachments":[],"inspiry_property_owner_name":"","inspiry_property_owner_contact":"","inspiry_property_owner_address":"","REAL_HOMES_property_private_note":"","inspiry_message_to_reviewer":"","REAL_HOMES_add_in_slider":"no","REAL_HOMES_slider_image":[],"REAL_HOMES_page_banner_image":[],"REAL_HOMES_hide_property_advance_search":"0","REAL_HOMES_custom_header_display":"default","REAL_HOMES_custom_header_position":"relative","REAL_HOMES_custom_footer_display":"default","REAL_HOMES_hide_advance_search":"0","REAL_HOMES_custom_search_form":"default","REAL_HOMES_search_form_margin_top":"","REAL_HOMES_search_form_margin_bottom":""},"_links":{"self":[{"href":"https:\/\/oassiuminmobiliaria.com\/zh\/wp-json\/wp\/v2\/single-property\/21419","targetHints":{"allow":["GET"]}}],"collection":[{"href":"https:\/\/oassiuminmobiliaria.com\/zh\/wp-json\/wp\/v2\/single-property"}],"about":[{"href":"https:\/\/oassiuminmobiliaria.com\/zh\/wp-json\/wp\/v2\/types\/property"}],"author":[{"embeddable":true,"href":"https:\/\/oassiuminmobiliaria.com\/zh\/wp-json\/wp\/v2\/users\/1"}],"replies":[{"embeddable":true,"href":"https:\/\/oassiuminmobiliaria.com\/zh\/wp-json\/wp\/v2\/comments?post=21419"}],"version-history":[{"count":1,"href":"https:\/\/oassiuminmobiliaria.com\/zh\/wp-json\/wp\/v2\/single-property\/21419\/revisions"}],"predecessor-version":[{"id":21450,"href":"https:\/\/oassiuminmobiliaria.com\/zh\/wp-json\/wp\/v2\/single-property\/21419\/revisions\/21450"}],"wp:featuredmedia":[{"embeddable":true,"href":"https:\/\/oassiuminmobiliaria.com\/zh\/wp-json\/wp\/v2\/media\/21912"}],"wp:attachment":[{"href":"https:\/\/oassiuminmobiliaria.com\/zh\/wp-json\/wp\/v2\/media?parent=21419"}],"wp:term":[{"taxonomy":"property-feature","embeddable":true,"href":"https:\/\/oassiuminmobiliaria.com\/zh\/wp-json\/wp\/v2\/property-feature?post=21419"},{"taxonomy":"property-type","embeddable":true,"href":"https:\/\/oassiuminmobiliaria.com\/zh\/wp-json\/wp\/v2\/property-type?post=21419"},{"taxonomy":"property-city","embeddable":true,"href":"https:\/\/oassiuminmobiliaria.com\/zh\/wp-json\/wp\/v2\/property-location?post=21419"},{"taxonomy":"property-status","embeddable":true,"href":"https:\/\/oassiuminmobiliaria.com\/zh\/wp-json\/wp\/v2\/property-status?post=21419"}],"curies":[{"name":"wp","href":"https:\/\/api.w.org\/{rel}","templated":true}]}}

Vive en el corazón de Tarragona: luz, espacio y comodidad

<p>En Oassium Inmobiliaria te presentamos este fantástico piso ubicado en pleno centro de Tarragona, del año 1980 y con 83m2 la vivienda se encuentra en una sexta planta con ascensor, lo que le otorga una gran luminosidad. Al entrar nos recibe un amplio recibidor que nos conduce directamente al salón-comedor, una estancia luminosa y acogedora con salida a una terraza.</p>
<p>Un pasillo nos lleva a la zona de noche, donde encontramos tres habitaciones, dos de las habitaciones son dobles: una cuenta con armario empotrado y la otra dispone de salida a una pequeña terraza. La tercera habitación, también luminosa, es perfecta como dormitorio individual o despacho. El baño está completamente equipado y cuenta con bañera, ofreciendo un espacio cómodo y funcional para el día a día.</p>
<p>La cocina es independiente, está totalmente equipada y tiene salida a una galería, perfecta para utilizar como zona de lavandería o almacenaje.</p>
<p>El edificio, dispone de un elevador adaptado para personas con movilidad reducida, lo que garantiza la accesibilidad para todos los residentes.</p>
<p>Si buscas un piso luminoso, bien distribuido y en una ubicación inmejorable, esta es tu oportunidad. No dudes más y contacta hoy mismo con Oassium Inmobiliaria para concertar una visita. ¡Te encantará!</p>
<p>Recuerda, ofrecemos a nuestros clientes financiación al 100% de la compra!</p>

<p>En Oassium Inmobiliaria te presentamos este fantástico piso ubicado en pleno centro de Tarragona, del año 1980 y con 83m2 la vivienda se encuentra en una sexta planta con ascensor, lo que le otorga una gran luminosidad. Al entrar nos recibe un amplio recibidor que nos conduce directamente al salón-comedor, una estancia luminosa y acogedora&#8230;</p>

Tarragona, Tarragonés, Tarragona, Cataluña, España
